{"id":107,"date":"2025-05-07T21:28:16","date_gmt":"2025-05-07T21:28:16","guid":{"rendered":"https:\/\/darkblue-pheasant-639804.hostingersite.com\/?page_id=107"},"modified":"2025-05-07T21:31:00","modified_gmt":"2025-05-07T21:31:00","slug":"pos","status":"publish","type":"page","link":"https:\/\/sogesti.dev\/apps1\/pos\/","title":{"rendered":"Pos"},"content":{"rendered":"\n<p>POSpro Web est une solution de pointe pour les points de vente (POS) fournie sous la forme d&#8217;une application SaaS (Software as a Service). D\u00e9velopp\u00e9e \u00e0 l&#8217;aide des frameworks Flutter (App) et Laravel (Admin Panel) pour une exp\u00e9rience multiplateforme transparente, elle s&#8217;int\u00e8gre sans effort aux syst\u00e8mes de point de vente existants pour fournir un backend robuste et \u00e9volutif.<br>POSpro fonctionne avec des imprimantes POS Bluetooth et propose un syst\u00e8me d&#8217;abonnement. L&#8217;application est dot\u00e9e d&#8217;\u00e9crans superbes qui couvrent l&#8217;application Mobile POS Inventory. En outre, elle comprend des fonctionnalit\u00e9s de gestion des produits, des ventes, des achats, des f\u00eates, des pertes\/b\u00e9n\u00e9fices, des stocks, du grand livre, des listes de ventes, des listes d&#8217;achats, des listes d&#8217;\u00e9ch\u00e9ances, des rapports et des d\u00e9penses.<br><a href=\"https:\/\/pospro.acnoo.com\/login\" target=\"_blank\" rel=\"noreferrer noopener\">voir demo<\/a><br><br><\/p>\n\n\n\n<figure class=\"wp-block-gallery has-nested-images columns-default is-cropped wp-block-gallery-1 is-layout-flex wp-block-gallery-is-layout-flex\">\n<figure class=\"wp-block-image size-full\"><img fetchpriority=\"high\" decoding=\"async\" width=\"593\" height=\"356\" data-id=\"110\" src=\"http:\/\/sogesti.dev\/apps1\/wp-content\/uploads\/2025\/05\/pos2.png\" alt=\"\" class=\"wp-image-110\" srcset=\"https:\/\/sogesti.dev\/apps1\/wp-content\/uploads\/2025\/05\/pos2.png 593w, https:\/\/sogesti.dev\/apps1\/wp-content\/uploads\/2025\/05\/pos2-300x180.png 300w\" sizes=\"(max-width: 593px) 100vw, 593px\" \/><\/figure>\n\n\n\n<figure class=\"wp-block-image size-large\"><img decoding=\"async\" width=\"582\" height=\"583\" data-id=\"111\" src=\"http:\/\/sogesti.dev\/apps1\/wp-content\/uploads\/2025\/05\/pos5.png\" alt=\"\" class=\"wp-image-111\" srcset=\"https:\/\/sogesti.dev\/apps1\/wp-content\/uploads\/2025\/05\/pos5.png 582w, https:\/\/sogesti.dev\/apps1\/wp-content\/uploads\/2025\/05\/pos5-300x300.png 300w, https:\/\/sogesti.dev\/apps1\/wp-content\/uploads\/2025\/05\/pos5-150x150.png 150w\" sizes=\"(max-width: 582px) 100vw, 582px\" \/><\/figure>\n\n\n\n<figure class=\"wp-block-image size-large\"><img decoding=\"async\" width=\"578\" height=\"588\" data-id=\"112\" src=\"http:\/\/sogesti.dev\/apps1\/wp-content\/uploads\/2025\/05\/pow1.png\" alt=\"\" class=\"wp-image-112\" srcset=\"https:\/\/sogesti.dev\/apps1\/wp-content\/uploads\/2025\/05\/pow1.png 578w, https:\/\/sogesti.dev\/apps1\/wp-content\/uploads\/2025\/05\/pow1-295x300.png 295w\" sizes=\"(max-width: 578px) 100vw, 578px\" \/><\/figure>\n<\/figure>\n","protected":false},"excerpt":{"rendered":"<p>POSpro Web est une solution de pointe pour les points de vente (POS) [&hellip;]<\/p>\n","protected":false},"author":2,"featured_media":0,"parent":0,"menu_order":0,"comment_status":"closed","ping_status":"closed","template":"","meta":{"footnotes":""},"class_list":["post-107","page","type-page","status-publish","hentry"],"_links":{"self":[{"href":"https:\/\/sogesti.dev\/apps1\/wp-json\/wp\/v2\/pages\/107","targetHints":{"allow":["GET"]}}],"collection":[{"href":"https:\/\/sogesti.dev\/apps1\/wp-json\/wp\/v2\/pages"}],"about":[{"href":"https:\/\/sogesti.dev\/apps1\/wp-json\/wp\/v2\/types\/page"}],"author":[{"embeddable":true,"href":"https:\/\/sogesti.dev\/apps1\/wp-json\/wp\/v2\/users\/2"}],"replies":[{"embeddable":true,"href":"https:\/\/sogesti.dev\/apps1\/wp-json\/wp\/v2\/comments?post=107"}],"version-history":[{"count":2,"href":"https:\/\/sogesti.dev\/apps1\/wp-json\/wp\/v2\/pages\/107\/revisions"}],"predecessor-version":[{"id":113,"href":"https:\/\/sogesti.dev\/apps1\/wp-json\/wp\/v2\/pages\/107\/revisions\/113"}],"wp:attachment":[{"href":"https:\/\/sogesti.dev\/apps1\/wp-json\/wp\/v2\/media?parent=107"}],"curies":[{"name":"wp","href":"https:\/\/api.w.org\/{rel}","templated":true}]}}