{"id":101,"date":"2025-05-07T20:50:17","date_gmt":"2025-05-07T20:50:17","guid":{"rendered":"https:\/\/darkblue-pheasant-639804.hostingersite.com\/?page_id=101"},"modified":"2025-05-20T09:09:40","modified_gmt":"2025-05-20T09:09:40","slug":"progescom-plus","status":"publish","type":"page","link":"https:\/\/sogesti.dev\/apps1\/progescom-plus\/","title":{"rendered":"Progescom Plus"},"content":{"rendered":"\n<p><\/p>\n\n\n\n<p class=\"has-black-color has-vivid-cyan-blue-background-color has-text-color has-background has-link-color wp-elements-c0fbc642b141082f16f96f770ca9c3d8\"><strong>ProGescom Plus<\/strong> vous aide \u00e0 g\u00e9rer un nombre illimit\u00e9 d&#8217;utilisateurs, de factures, de fournisseurs, de SMS et d&#8217;e-mails, de rapports, et plus encore. la solution pr\u00eate \u00e0 l&#8217;emploi, il ne faut que quelques minutes pour configurer votre site web avec notre syst\u00e8me. nous sommes \u00e9galement l\u00e0 pour vous fournir le meilleur support, l&#8217;installation et la personnalisation si vous en avez besoin. d\u00e9p\u00eachez-vous, obtenez votre copie et commencez votre activit\u00e9 d\u00e8s aujourd&#8217;hui.<\/p>\n\n\n\n<ul class=\"wp-block-list\">\n<li>Tableau de bord hautement s\u00e9curis\u00e9.<\/li>\n\n\n\n<li>Gestion des produits.<\/li>\n\n\n\n<li>Gestion des cat\u00e9gories.<\/li>\n\n\n\n<li>Gestion des marques.<\/li>\n\n\n\n<li>Gestion des unit\u00e9s.<\/li>\n\n\n\n<li>Gestion des produits.<\/li>\n\n\n\n<li>Gestion des entrep\u00f4ts.<\/li>\n\n\n\n<li>Gestion du personnel.<\/li>\n\n\n\n<li>Gestion des clients.<\/li>\n\n\n\n<li>Gestion des fournisseurs.<\/li>\n\n\n\n<li>Gestion des achats.<\/li>\n\n\n\n<li>Gestion de tous les achats.<\/li>\n\n\n\n<li>Gestion des retours d&#8217;achats.<\/li>\n\n\n\n<li>Gestion des ventes.<\/li>\n\n\n\n<li>Gestion de toutes les ventes.<\/li>\n\n\n\n<li>Gestion des retours de vente.<\/li>\n\n\n\n<li>Gestion des ajustements.<\/li>\n\n\n\n<li>Gestion des transferts.<\/li>\n\n\n\n<li>Gestion des d\u00e9penses.<\/li>\n\n\n\n<li>Gestion des types.<\/li>\n\n\n\n<li>Gestion de toutes les d\u00e9penses.<\/li>\n\n\n\n<li>Gestion des rapports.<\/li>\n\n\n\n<li>Rapport de paiement.<\/li>\n\n\n\n<li>Gestion des paiements fournisseurs.<\/li>\n\n\n\n<li>Gestion des paiements clients.<\/li>\n\n\n\n<li>Gestion des rapports de stock.<\/li>\n\n\n\n<li>Gestion des rapports de saisie des donn\u00e9es.<\/li>\n\n\n\n<li>Gestion des retours d&#8217;achats.<\/li>\n\n\n\n<li>Param\u00e8tres g\u00e9n\u00e9raux.<\/li>\n\n\n\n<li>Configuration du syst\u00e8me.<\/li>\n\n\n\n<li>Gestion du logo et du Favicon.<\/li>\n\n\n\n<li>Gestion des param\u00e8tres de notification.<\/li>\n\n\n\n<li>Gestion des mod\u00e8les globaux.<\/li>\n\n\n\n<li>Gestion des param\u00e8tres d&#8217;email.<\/li>\n\n\n\n<li>Gestion des param\u00e8tres SMS.<\/li>\n\n\n\n<li>Gestion des mod\u00e8les de notification.<\/li>\n\n\n\n<li class=\"has-kubio-color-2-color has-text-color has-link-color has-large-font-size wp-elements-0e464a025d2fd4998deb5fc5989bcb2c\">Gestion du syst\u00e8me.<br><br><a href=\"https:\/\/gestiondesclients.com\/admin\/login\" target=\"_blank\" rel=\"noreferrer noopener\">Voir d\u00e9mo ici <\/a><\/li>\n<\/ul>\n\n\n\n<p><\/p>\n","protected":false},"excerpt":{"rendered":"<p>ProGescom Plus vous aide \u00e0 g\u00e9rer un nombre illimit\u00e9 d&#8217;utilisateurs, de factures, de [&hellip;]<\/p>\n","protected":false},"author":2,"featured_media":0,"parent":0,"menu_order":0,"comment_status":"closed","ping_status":"closed","template":"","meta":{"footnotes":""},"class_list":["post-101","page","type-page","status-publish","hentry"],"_links":{"self":[{"href":"https:\/\/sogesti.dev\/apps1\/wp-json\/wp\/v2\/pages\/101","targetHints":{"allow":["GET"]}}],"collection":[{"href":"https:\/\/sogesti.dev\/apps1\/wp-json\/wp\/v2\/pages"}],"about":[{"href":"https:\/\/sogesti.dev\/apps1\/wp-json\/wp\/v2\/types\/page"}],"author":[{"embeddable":true,"href":"https:\/\/sogesti.dev\/apps1\/wp-json\/wp\/v2\/users\/2"}],"replies":[{"embeddable":true,"href":"https:\/\/sogesti.dev\/apps1\/wp-json\/wp\/v2\/comments?post=101"}],"version-history":[{"count":3,"href":"https:\/\/sogesti.dev\/apps1\/wp-json\/wp\/v2\/pages\/101\/revisions"}],"predecessor-version":[{"id":224,"href":"https:\/\/sogesti.dev\/apps1\/wp-json\/wp\/v2\/pages\/101\/revisions\/224"}],"wp:attachment":[{"href":"https:\/\/sogesti.dev\/apps1\/wp-json\/wp\/v2\/media?parent=101"}],"curies":[{"name":"wp","href":"https:\/\/api.w.org\/{rel}","templated":true}]}}